{"id":365,"date":"2020-05-15T18:17:21","date_gmt":"2020-05-15T16:17:21","guid":{"rendered":"http:\/\/wgsr.uw.edu.pl\/geograficzne_spotkania\/?page_id=365"},"modified":"2020-05-15T18:17:21","modified_gmt":"2020-05-15T16:17:21","slug":"rok-2016-2017","status":"publish","type":"page","link":"https:\/\/geograficzne.spotkania.wgsr.uw.edu.pl\/?page_id=365","title":{"rendered":"Rok 2016\/2017"},"content":{"rendered":"<h4><span style=\"color: #0000ff;\">ROK AKADEMICKI 2016\/2017<\/span><\/h4>\n<ul>\n<li><span style=\"color: #000000;\">2017.04.27 \u2013 Gwadelupa w ko\u0144c\u00f3wce sezonu turystycznego (mgr Dorota Petryk)<\/span><\/li>\n<li><span style=\"color: #000000;\">2017.04.06. \u2013 Czy zdj\u0119cie mo\u017ce ukra\u015b\u0107 dusz\u0119? (mgr Pawe\u0142 Cywi\u0144ski)<\/span><\/li>\n<li><span style=\"color: #000000;\">2017-03.16 \u2013 Pa\u0144stwo w kawa\u0142kach \u2013 o samorz\u0105dzie terytorialnym i podzia\u0142ach administracyjnych w Polsce i w Europie (dr Adam Gend\u017awi\u0142\u0142)<\/span><\/li>\n<li><span style=\"color: #000000;\">2017.01.19 \u2013\u00a0Podr\u00f3\u017ce Twojego podkoszulka szlakami mi\u0119dzynarodowej wymiany handlowej (dr hab. Waldemar Wilk)<\/span><\/li>\n<li><span style=\"color: #000000;\">2017.01.12 \u2013\u00a0Wzd\u0142u\u017c Wis\u0142y i Odry. Walory turystyczne oraz mo\u017cliwo\u015bci poznawcze krajobraz\u00f3w kulturowych (dr hab. Joanna Angiel)<\/span><\/li>\n<li><span style=\"color: #000000;\">2016.12.15 \u2013\u00a0Geoinformacja w Internecie (dr Wojciech Pokojski)<\/span><\/li>\n<li><span style=\"color: #000000;\">2016.12.08 \u2013\u00a0Podej\u015bcie regionalne w nauczaniu geografii \u2013 przyk\u0142ad Singapuru i Brunei (dr Tomasz Wites)<\/span><\/li>\n<li><span style=\"color: #000000;\">2016.11.24 \u2013 O meandrach wsp\u00f3\u0142pracy mi\u0119dzyludzkiej i mi\u0119dzygminnej (dr hab. Marta Lackowska)<\/span><\/li>\n<li><span style=\"color: #000000;\">2016.11.17 \u2013 Regiony Japonii \u2013 Kraj Kwitn\u0105cej Wi\u015bni przed i po Fukushimie (mgr Maciej Ka\u0142aska)<\/span><\/li>\n<\/ul>\n","protected":false},"excerpt":{"rendered":"<p>ROK AKADEMICKI 2016\/2017 2017.04.27 \u2013 Gwadelupa w ko\u0144c\u00f3wce sezonu turystycznego (mgr Dorota Petryk) 2017.04.06. \u2013 Czy zdj\u0119cie mo\u017ce ukra\u015b\u0107 dusz\u0119? (mgr Pawe\u0142 Cywi\u0144ski) 2017-03.16 \u2013 Pa\u0144stwo w kawa\u0142kach \u2013 o samorz\u0105dzie terytorialnym i podzia\u0142ach administracyjnych w Polsce i w Europie (dr Adam Gend\u017awi\u0142\u0142) 2017.01.19 \u2013\u00a0Podr\u00f3\u017ce Twojego podkoszulka szlakami mi\u0119dzynarodowej wymiany handlowej (dr hab. Waldemar Wilk)&hellip;<\/p>\n","protected":false},"author":2,"featured_media":0,"parent":0,"menu_order":0,"comment_status":"closed","ping_status":"closed","template":"","meta":{"_themeisle_gutenberg_block_has_review":false,"footnotes":""},"class_list":["post-365","page","type-page","status-publish","hentry"],"_links":{"self":[{"href":"https:\/\/geograficzne.spotkania.wgsr.uw.edu.pl\/index.php?rest_route=\/wp\/v2\/pages\/365","targetHints":{"allow":["GET"]}}],"collection":[{"href":"https:\/\/geograficzne.spotkania.wgsr.uw.edu.pl\/index.php?rest_route=\/wp\/v2\/pages"}],"about":[{"href":"https:\/\/geograficzne.spotkania.wgsr.uw.edu.pl\/index.php?rest_route=\/wp\/v2\/types\/page"}],"author":[{"embeddable":true,"href":"https:\/\/geograficzne.spotkania.wgsr.uw.edu.pl\/index.php?rest_route=\/wp\/v2\/users\/2"}],"replies":[{"embeddable":true,"href":"https:\/\/geograficzne.spotkania.wgsr.uw.edu.pl\/index.php?rest_route=%2Fwp%2Fv2%2Fcomments&post=365"}],"version-history":[{"count":0,"href":"https:\/\/geograficzne.spotkania.wgsr.uw.edu.pl\/index.php?rest_route=\/wp\/v2\/pages\/365\/revisions"}],"wp:attachment":[{"href":"https:\/\/geograficzne.spotkania.wgsr.uw.edu.pl\/index.php?rest_route=%2Fwp%2Fv2%2Fmedia&parent=365"}],"curies":[{"name":"wp","href":"https:\/\/api.w.org\/{rel}","templated":true}]}}